e -1 - 2 - (9/3 + -1). Let g(u) = -39*u**2 + 0*u + 5*u - u - 2. Let p(a) = 19*a**2 - 2*a + 1. Let w(v) = t*p(v) - 2*g(v). Calculate w(1).
-16
Let s(q) = 3*q + 6. Let b(n) = -3*n - 5. Let g(t) = -5*b(t) - 4*s(t). Suppose -5*c - 4*l = -5*l + 117, -c = -5*l + 9. Let d be 9/c*1*-8. Calculate g(d).
10
Let d(l) be the second derivative of 1/6*l**3 + 40*l + 3*l**2 + 0. Let o be 2/10*0 - 0. Calculate d(o).
6
Suppose -k = -6*k + 20, -5*f + 19 = k. Suppose -27 = -8*g - f. Let l(y) = 4*y - 2. Determine l(g).
10
Let w(h) = -535 + 186 + h**2 + 180 - 15*h + 175. Calculate w(7).
-50
Let a be (-1)/(-2) + 57/2. Suppose -28*d - a = 27. Let l(t) = -2*t**3 + t - 1. Determine l(d).
13
Let i(x) = x**3 - 11*x**2 + 20*x - 1. Suppose -68*c + 30 = -63*c + 5*k, 5*c - 4*k - 57 = 0. What is i(c)?
17
Let g = -152 - -203. Let l be -3*(g/9 + -3). Let k(a) = -3*a - 7. Calculate k(l).
17
Let w(u) = u**3 - 50*u**2 + 52*u - 147. Let q = -19408 + 19457. Give w(q).
0
Suppose -530 = 45*s + 280. Let l(o) = o**3 + 17*o**2 - 18*o - 10. Give l(s).
-10
Let u(t) = 4 + 9*t - 9*t**2 + 3 - 15*t + 8*t**2 + 3. Calculate u(-8).
-6
Let z(k) = k - 328 + 328. Let f = -4401 + 4401. Determine z(f).
0
Let x(p) = -p**3 + 10*p**2 - 7*p - 13. Let z be ((-2)/5)/((-7)/(-35)). Let u be (-15)/(-25)*(z + 4 - -13). What is x(u)?
5
Suppose -q = 6 - 9. Suppose -q*t - 21 + 6 = 5*o, -4*t = 0. Let v(b) be the third derivative of b**4/24 + 2*b**3/3 - 11*b**2. Determine v(o).
1
Let z(y) = -11*y**3 + 12*y**2 + 13*y - 54. Let g(p) = 13*p**3 - 13*p**2 - 12*p + 62. Let n(d) = 5*g(d) + 6*z(d). Give n(9).
-14
Let t(j) be the third derivative of 0*j**4 + 0*j + 22 + 1/20*j**5 + 0*j**3 - j**2. Calculate t(-1).
3
Let v(a) = -22*a**2 + 0*a - 4*a + 24*a**2 - 25 - 18*a. Give v(12).
-1
Let m(u) = 41*u - 33. Suppose -37*z + 29 + 8 = 0. Give m(z).
8
Suppose 0 = -336*d - 833 + 4193. Let q(v) = v**2 - 5*v. Let r(i) = -i**2 + 6*i + 1. Let p(z) = 3*q(z) + 4*r(z). Give p(d).
-6
Let k(f) = f - 2. Let r(c) = c**3 + 15*c**2 + 15*c + 14. Let l be r(-14). Let b(i) = i**3 + 2*i**2 - i + 7. Let s be b(l). Give k(s).
5
Let p(h) = 16*h**3 + 2*h**2 + 2*h + 2. Let v(r) = -r**3 - 28*r**2 - 152*r + 63. Let w be v(-8). Determine p(w).
-14
Suppose 38*y - 23*y - 75 = 0. Let g(m) = -m**3 + 5*m**2 - 5. What is g(y)?
-5
Suppose 53 = 11*a + 9. Let x(n) = -3*n**3 - 13*n**2 + 8*n - 3. Let g(q) = 2*q**3 + 7*q**2 - 4*q + 2. Let f(i) = 5*g(i) + 3*x(i). Determine f(a).
17
Let z(w) be the second derivative of -w**4/12 + 11*w**3/3 + 13*w**2 + 1266*w. Give z(23).
3
Suppose 5*x = -219*v + 220*v + 79, -2*x - 4*v = -58. Let s(y) = y**3 - 19*y**2 + 32*y + 12. Determine s(x).
-22
Let x(p) = -2*p - 4. Let a be 1/(-1 + 4/6). Let h = 60 + -61. Let t(q) = q + 1. Let g(y) = a*t(y) + h*x(y). Calculate g(-3).
4
Let f(u) = u**2 - 3*u + 3. Let d(s) = -s**2 + 10*s - 6. Let l be d(1). Calculate f(l).
3
Let a(c) = 2*c**3 - 62*c**2 + 4*c - 122. Let j = 35224 + -35193. Determine a(j).
2
Let h(x) be the third derivative of -x**5/120 + x**4/8 - 5*x**3 - 3*x**2 - 18*x. Let t(a) be the first derivative of h(a). Give t(9).
-6
Let w(b) be the third derivative of -b**5/15 + 67*b**4/24 - 13*b**3/3 + 12550*b**2. Give w(16).
22
Let d(l) = 3*l**2 + 8*l - 2. Let p(c) be the first derivative of 2*c**3/3 + 4*c**2 - 2*c + 30. Let h(g) = 3*d(g) - 4*p(g). Determine h(7).
-5
Suppose -y + 29089 = 3*d, 0 = 3*y + 8 + 7. Let v(q) = d*q - 9700*q - 8 + 0. What is v(-5)?
2
Let h be (-1 + 9/6)*0. Let m(g) be the second derivative of -1/20*g**5 - 1/12*g**4 + 0 - g**2 - 38*g + 1/6*g**3. What is m(h)?
-2
Let d(r) = r**2 - r + 1. Let x(m) = -2 - 4*m**2 + 0 + 8*m**2 + 15. Let b(t) = -5*d(t) + x(t). Let z be (0 + 3)/((-15)/(-30)). Calculate b(z).
2
Let v(k) = 50*k - 42*k - 76479*k**2 + 15 + 76480*k**2. Calculate v(-4).
-1
Let f be (-11)/66 - ((-245)/30 - -8). Let u(g) be the third derivative of 0*g + f*g**4 - 1/60*g**5 + 22*g**2 + 17/120*g**6 + 0*g**3 + 0. What is u(-1)?
-18
Let i(c) = -c**3 + c**2 + 3*c - 4. Let b(v) = 6*v**2 + 2*v + 1. Let d be b(1). Suppose 7*m + d = 10*m. What is i(m)?
-13
Let f = 35 - 23. Let i be 1/(5 - 56/f). Let r(l) = -l**2 + 3*l + 1. Give r(i).
1
Let h(w) = 13*w**2 - 28*w - 3. Let a(z) = -2*z**2 + 3*z + 2. Suppose -2*t + 2*u = 14, -4*t - 5*u - 23 = -4*u. Let o(s) = t*a(s) - h(s). What is o(7)?
12
Let z(y) = -y**3 - 5*y**2 - 9*y - 252. Let p(f) = -f**3 - 2*f**2 - 4*f - 108. Let s(g) = -7*p(g) + 3*z(g). Let c be (4/8)/(1/2). Determine s(c).
4
Let r(l) be the first derivative of -15*l - 21/2*l**2 + 1/4*l**4 - 38 + 8/3*l**3. What is r(-10)?
-5
Let l(w) = -w**2 - 19*w - 34. Let p(f) = 15*f**3 - f**2 + 5*f + 5. Let j be p(-1). What is l(j)?
14
Let h(y) = 9*y + 21. Let r(w) = 2*w + 36. Let o be r(-19). Give h(o).
3
Let f(r) = -22*r**2 + 8*r + 21*r**2 - 2*r - 3. Suppose -4*k + 1633 = -s, -5*k = -9*k - 3*s + 1613. Let o = 413 - k. What is f(o)?
-3
Suppose 5*z - 9 - 61 = 0. Suppose -28 = z*g - 98. Let l(a) = -a**2 + 3*a - 1. Give l(g).
-11
Let c(b) = 23 + 10 + 30 - 28 + 21 - 3*b. Determine c(23).
-13
Let u(b) = 3*b**2 - 3*b. Let r(k) = -13*k**2 + 11*k. Let a(t) = -2*r(t) - 9*u(t). Suppose 5*x = -4*l - 235, -14 = 3*x + 5*l + 140. Let p = x - -48. Give a(p).
0
Let q = 1 - -1. Let t be 0/(-1) - (1 - q). Let b(p) = 3*p**3 - 3*p**2 + 2*p + 3. Let h(y) = -y**3 + y**2 - 2. Let x(m) = -b(m) - 2*h(m). What is x(t)?
-1
Let z = 170 + -163. Suppose 459*u = 458*u - z. Let a(m) = -5*m - 3. What is a(u)?
32
Let b(s) = -s**3 - s**2 + 2*s - 1. Let h(v) = 2*v**3 + 50*v**2 + 54*v + 140. Let n be h(-24). Calculate b(n).
39
Let l(h) be the first derivative of 2*h**3/3 - 7*h**2/2 + 14*h - 76. Let f(q) be the first derivative of l(q). Calculate f(5).
13
Let b(x) = x**2 - 34*x - 386. Let a be b(43). Let o(w) = 2 - 3 + w - 15*w - 18*w. What is o(a)?
-33
Let q = -4538 + 4549. Let n(h) = h**2 - 8*h - 9. Determine n(q).
24
Let o(t) = -779*t**2 - 15*t + 1530*t**2 - 34 - 752*t**2. Calculate o(-2).
-8
Let u(s) = 6*s**3 + 158*s**2 - 127*s - 2. Let z(f) = 2*f**3 + 63*f**2 - 51*f - 1. Let v(w) = 5*u(w) - 13*z(w). What is v(6)?
-9
Let r(y) = -y**2 + 10*y + 27. Suppose -3*t + 7*t + 3*h - 30 = 0, 3*t - 2*h = 48. Give r(t).
3
Suppose 2*q = -4*c - 13 + 27, 2*c + 2 = -2*q. Let a(o) = 6*o + 48. Calculate a(q).
-6
Let c be (-8)/6*(6762/56)/(-23) + -9. Let a(z) = 14*z**2 + 2*z + 8. Calculate a(c).
60
Let q be ((-21)/14)/((-3)/(-8)). Let c(p) = -23*p - 1. Let n(i) = 4*i - 1. Let f(j) = -c(j) - 5*n(j). What is f(q)?
-6
Let t(l) = 78*l**2 - 2*l - 27*l**2 - 38*l**2 - 1. Let b be t(-2). Let h(k) = -b - 3*k + 6*k + 54 + 2*k. Give h(2).
9
Let l(c) = -12 + c - 15 - 9 + 44. Determine l(-17).
-9
Let n(w) = 5*w**3 - 80*w**2 + 3*w - 33. Let h be n(16). Let x(q) = -5*q + 89. Calculate x(h).
14
Let v(d) be the third derivative of d**5/30 - d**4 - 14*d**3 - 2*d**2 + 8*d + 55. Give v(15).
6
Let i = 38 + -16. Suppose 0 = 3*k - 15, -4*s + i = -k - 93. Suppose 2*m + 3*m + s = 2*z, 4*z = 4*m + 24. Let b(l) = -3*l - 8. Determine b(m).
10
Let a(i) = 4*i**2 + 79*i - 20. Let f be a(-20). Let q(d) be the second derivative of 2*d**2 - 14*d + f + 1/6*d**3. Determine q(-7).
-3
Let t be (1/6)/((-24)/(-4848)) - 12/(-9). Let m(v) = -v**3 + 34*v**2 + 32*v + 95. Give m(t).
-10
Suppose -86*k - 2*x + 192 = -76*k, 4*k = -4*x + 96. Let m(w) = 4*w - 76. Give m(k).
-4
Suppose -f + 2*u = 3*f - 6, 4*f - 3*u - 5 = 0. Suppose 5*t - 4*x + 9 = -13, -2*x = 4*t + f. Let h(v) = -2*v**3 - 3*v**2 - 2*v - 3. Give h(t).
5
Let r(m) = -m + 2. Let q(b) = b**3 + 11*b**2 - 12*b - 3. Let c be q(-12). Let n be (-192)/24 + (-1 - -2 - c). Give r(n).
6
Let y(u) = -96*u - 90*u + 333*u - 151*u. Determine y(6).
-24
Let o(j) = 3*j**2 + j. Let v be (5 + 115/(-20))/(1/4). Let m be -2*v/(-39) + 180/156. What is o(m)?
4
Let v(z) = 160 - 22*z + 124 - 292 + 7*z - z**2. What is v(-14)?
6
Let y(b) = -b**3 - 5*b**2 - 6*b - 28. Let d be 51/(-9) - 17/((-663)/26). Determine y(d).
2
Let l(k) = 6*k**2 - 125*k - 43. Let v(a) = -3*a**2 + 42*a + 15. Let w(q) = -4*l(q) - 11*v(q). Determine w(-4).
-1
Let n(s) = -s**2 + s - 70. Let v(j) = -2*j**3 - 59*j**2 - 30*j - 29. Let l be v(-29). What is n(l)?
-70
Let l(m) be the third derivative of -m**4/24 - m**3/6 - m**2. Let o be ((-1)/3)/(75/(-1800)). Suppose -10*j + x - 9 = -o*j, 5*j + 24 = 2*x. Give l(j).
5
Let d(o) be the first derivative of -3*o + 206 - 1/2*o**2. Determi